er when 133553 is divided by 3?
2
What is the remainder when 306295 is divided by 2224?
1607
What is the remainder when 331619084 is divided by 35?
34
Calculate the remainder when 128187 is divided by 1523.
255
What is the remainder when 6606237 is divided by 1101035?
27
What is the remainder when 799218 is divided by 11?
2
What is the remainder when 237842 is divided by 118599?
644
What is the remainder when 60064 is divided by 864?
448
Calculate the remainder when 2346115 is divided by 1029.
1024
What is the remainder when 3929 is divided by 3675?
254
What is the remainder when 2668936 is divided by 864?
40
What is the remainder when 210096 is divided by 449?
413
What is the remainder when 348157 is divided by 87037?
9
What is the remainder when 3709255 is divided by 214?
207
Calculate the remainder when 55625 is divided by 11108.
85
What is the remainder when 47197877 is divided by 190314?
5
What is the remainder when 569785 is divided by 1906?
1797
What is the remainder when 66893832 is divided by 1048?
1040
Calculate the remainder when 15226 is divided by 3782.
98
What is the remainder when 33256 is divided by 882?
622
What is the remainder when 19007007 is divided by 330?
327
Calculate the remainder when 64784086 is divided by 2816699.
9
What is the remainder when 1099270 is divided by 63?
46
What is the remainder when 657608 is divided by 131454?
338
What is the remainder when 98361479 is divided by 12?
11
Calculate the remainder when 868195 is divided by 448.
419
What is the remainder when 4994941 is divided by 6412?
6405
Calculate the remainder when 4328088 is divided by 296.
272
What is the remainder when 187975209 is divided by 1323769?
11
Calculate the remainder when 403965 is divided by 11866.
521
Calculate the remainder when 28831348 is divided by 219.
217
Calculate the remainder when 406492 is divided by 238.
226
What is the remainder when 100651 is divided by 527?
521
What is the remainder when 4099623 is divided by 81992?
23
What is the remainder when 809893 is divided by 810?
703
Calculate the remainder when 13135887 is divided by 49.
16
What is the remainder when 31535460 is divided by 83207?
7
Calculate the remainder when 235638 is divided by 15567.
2133
Calculate the remainder when 382718 is divided by 40.
38
Calculate the remainder when 1870410 is divided by 231.
3
What is the remainder when 46175852 is divided by 410?
12
Calculate the remainder when 91551 is divided by 895.
261
What is the remainder when 79482 is divided by 2801?
1054
What is the remainder when 30438707 is divided by 10840?
10827
What is the remainder when 6312724 is divided by 3628?
4
Calculate the remainder when 84870161 is divided by 29.
8
What is the remainder when 1747326 is divided by 2290?
56
Calculate the remainder when 33577228 is divided by 28.
20
Calculate the remainder when 65863468 is divided by 30.
28
Calculate the remainder when 49740 is divided by 772.
332
What is the remainder when 20972 is divided by 2612?
76
What is the remainder when 265939 is divided by 88430?
649
What is the remainder when 62791 is divided by 62668?
123
What is the remainder when 96798 is divided by 30361?
5715
Calculate the remainder when 429979440 is divided by 1784147.
13
What is the remainder when 89649 is divided by 497?
189
What is the remainder when 13812764 is divided by 1480?
1404
Calculate the remainder when 467893 is divided by 38935.
673
What is the remainder when 216919 is divided by 458?
285
What is the remainder when 170923 is divided by 1762?
9
What is the remainder when 44482932 is divided by 28?
4
What is the remainder when 1638761 is divided by 87?
29
What is the remainder when 103148 is divided by 1056?
716
Calculate the remainder when 5325886 is divided by 98627.
28
Calculate the remainder when 9297496 is divided by 13815.
1
What is the remainder when 11496588 is divided by 2874140?
28
Calculate the remainder when 75303974 is divided by 37651937.
100
What is the remainder when 30768692 is divided by 10246?
10200
What is the remainder when 441558 is divided by 66?
18
What is the remainder when 45020176 is divided by 552?
160
What is the remainder when 1776578 is divided by 2301?
206
Calculate the remainder when 109335 is divided by 731.
416
What is the remainder when 199729 is divided by 731?
166
What is the remainder when 15881217 is divided by 83?
80
What is the remainder when 1800958 is divided by 40018?
148
Calculate the remainder when 351511 is divided by 116343.
2482
Calculate the remainder when 883426 is divided by 14706.
1066
What is the remainder when 119097 is divided by 2767?
116
Calculate the remainder when 114900381 is divided by 6383.
6381
Calculate the remainder when 1732809 is divided by 577594.
27
What is the remainder when 54917 is divided by 2995?
1007
What is the remainder when 585442 is divided by 1529?
1364
Calculate the remainder when 47253156 is divided by 177.
174
Calculate the remainder when 10322921 is divided by 32771.
56
Calculate the remainder when 60655194 is divided by 681519.
3
What is the remainder when 10470059 is divided by 621?
620
Calculate the remainder when 94954165 is divided by 47477061.
43
What is the remainder when 20510486 is divided by 144?
134
What is the remainder when 10897459 is divided by 65254?
41
What is the remainder when 354676 is divided by 39398?
94
Calculate the remainder when 9047606 is divided by 78.
74
Calculate the remainder when 2881376 is divided by 16850.
26
Calculate the remainder when 71574 is divided by 168.
6
What is the remainder when 341702 is divided by 9491?
26
What is the remainder when 3926059 is divided by 1244?
1239
What is the remainder when 2119583 is divided by 65?
63
What is the remainder when 358674 is divided by 17933?
14
Calculate the remainder when 147785249 is divided by 371.
367
What is the remainder when 21444072 is divided by 2695?
2652
What is the remainder when 28084008 is divided by 2065?
8
Calculate the remainder when 117099 is divided by 6502.
63
What is the remainder when 629839 is divided by 440?
199
Calculate the remainder when 573708 is divided by 573661.
47
What is the remainder when 141860 is divided by 3731?
82
What is the remainder when 163264260 is divided by 4111?
6
Calculate the remainder when 8519 is divided by 436.
235
What is the remainder when 861040 is divided by 430519?
2
What is the remainder when 194676 is divided by 255?
111
What is the remainder when 617535 is divided by 1806?
1689
What is the remainder when 613424 is divided by 949?
370
Calculate the remainder when 2852027 is divided by 270.
17
Calculate the remainder when 379811 is divided by 2076.
1979
Calculate the remainder when 44125 is divided by 3086.
921
Calculate the remainder when 6527180 is divided by 105277.
6
Calculate the remainder when 5095855 is divided by 35.
30
What is the remainder when 2424204 is divided by 80806?
24
Calculate the remainder when 18037 is divided by 12530.
5507
Calculate the remainder when 650860 is divided by 92972.
56
Calculate the remainder when 31400429 is divided by 28.
25
Calculate the remainder when 23232387 is divided by 29.
23
What is the remainder when 9782745 is divided by 113?
109
Calculate the remainder when 24163257 is divided by 346.
1
Calculate the remainder when 1933147 is divided by 241618.
203
What is the remainder when 57430425 is divided by 2871521?
5
What is the remainder when 86899 is divided by 42303?
2293
What is the remainder when 812691 is divided by 270823?
222
Calculate the remainder when 170975 is divided by 3565.
3420
Calculate the remainder when 8445816 is divided by 59.
25
What is the remainder when 268477 is divided by 33555?
37
What is the remainder when 1127614 is divided by 597?
478
What is the remainder when 500761 is divided by 1570?
1501
Calculate the remainder when 273763949 is divided by 19.
17
Calculate the remainder when 360381101 is divided by 21.
17
Calculate the remainder when 1974844 is divided by 802.
320
What is the remainder when 917773 is divided by 24150?
73
Calculate the remainder when 53567 is divided by 46938.
6629
Calculate the remainder when 25508366 is divided by 990.
26
Calculate the remainder when 13746079 is divided by 5961.
13
Calculate the remainder when 133811 is divided by 1336